 v = -12*z + 445. Let c = -119 - z. What is the highest common factor of 32 and c?
16
Suppose 705 = 15*i - 1080. Calculate the highest common divisor of i and 91.
7
Let b(i) = 4*i**3 - 3*i**2 - 4*i + 1. Let n be b(3). Suppose -16*u + 36*u - 560 = -36*u. Calculate the greatest common factor of n and u.
10
Suppose 35*h = 86*h - 28*h - 115. Calculate the greatest common divisor of h and 1.
1
Let r(n) = -9*n**3. Let i be r(-3). Let s = -162215 - -162218. What is the highest common divisor of s and i?
3
Let s = -49661 - -88150. Let i be 1/(-6) - s/(-66). Suppose -5*l + i = -377. What is the highest common factor of l and 12?
12
Let q(s) = 4*s**2 - 9*s + 8. Let u(c) = -3*c**2 + c - 1. Let m(t) = -4*q(t) - 36*u(t). Let x be m(-2). Calculate the greatest common divisor of 24 and x.
12
Suppose 909*r + 13602 = 911*r + o, 6757 = r - 5*o. What is the greatest common divisor of 7 and r?
7
Let m be 0 + (-753)/(-21) + 4/28. Suppose m*w = 16*w + 1380. Calculate the highest common factor of 9 and w.
3
Let p(o) = -279*o + 99. Let m be p(0). Calculate the greatest common divisor of 45 and m.
9
Let u = -1961 - -5402. What is the highest common divisor of u and 74?
37
Suppose 4*r = 5*a + 3206, a + 476 + 164 = 2*r. Let m = a - -683. Calculate the highest common factor of m and 451.
41
Let i = 50 + -38. Let x be ((-2 - -4) + -8)*988/(-38). What is the greatest common divisor of x and i?
12
Let k be 7 + 2/13 + (-28691141)/(-1027). What is the greatest common divisor of 14 and k?
14
Suppose 3*z - 6*p = -p + 10, 2*z - 12 = -2*p. Suppose 5*v = 6*y - 24, -z*v + 2*v = 5*y - 20. Calculate the greatest common divisor of y and 2.
2
Suppose -9622 - 8858 = -77*a. Calculate the greatest common divisor of a and 5184.
48
Let h be (0 + -1)*4*-31. Suppose 3*x = 4*i - 139, 0*i - 3*x = i - 16. Calculate the greatest common divisor of i and h.
31
Let m = -4 - -7. Suppose -z + 5*y - m*y = -29, 4*z + y - 107 = 0. Let n be (1 + 1)/(5/((-90)/(-4))). What is the highest common divisor of z and n?
9
Let u be (-9)/(189/6) - (-936)/42. Suppose -21*n + 22*n = u. What is the highest common factor of 11 and n?
11
Suppose -2*a + 30 = 4*s, 78 = 4*a - s - 9. Suppose 70 = a*n - 140. What is the highest common divisor of n and 110?
10
Let j = 192 + -168. Let i be 8/((-64)/j) - (-40 + -1). Calculate the highest common divisor of 152 and i.
38
Suppose 0 = 6*o + 4*o - 50. Suppose -m = -2*v - 162, 0*m - o*m + 236 = -3*v. Let b = v + 96. What is the greatest common factor of 56 and b?
14
Let v be (-85)/(-4) - (-6)/8. Let h be (-22)/(-77) + 234/14. Suppose -v*x + h*x = -90. What is the highest common divisor of 9 and x?
9
Let n be (-30)/8*(-300)/125. Suppose -3*k + 258 = -12*o + n*o, -4*o + 293 = 3*k. What is the greatest common divisor of 56 and k?
7
Let g be (8/3 + -4)/((-1)/(-33)). Let r = g - -46. Let u be (r + -1)/(3/6) - -12. What is the greatest common factor of u and 28?
14
Let d(o) = -172*o**2 - o + 10330. Let x be d(0). What is the greatest common divisor of x and 10?
10
Let s = -1216 + 6518. What is the greatest common factor of 22 and s?
22
Let w = -5169 - -5641. What is the greatest common divisor of 4661 and w?
59
Let m(v) = -v**3 - 15*v**2 - 31*v + 86. Let z be m(-12). Calculate the greatest common factor of z and 10894.
26
Let h = 10 + 6. Let x be h/88 - 1434/22. Let j be (-39)/x*(13 - -2). Calculate the highest common factor of j and 81.
9
Suppose -5*p + 23*z - 18*z + 2665 = 0, 5*p = 4*z + 2661. Let q = -321 + p. What is the highest common divisor of q and 16?
16
Suppose -5*m + h - 2082 = 4*h, -12 = 3*h. Let d = m - -566. Calculate the highest common divisor of 380 and d.
76
Let y(p) = 181*p + 1116. Let v be y(-6). What is the highest common factor of 110 and v?
10
Let k be ((-2)/10*-85)/((-8)/(-11712)*6). What is the greatest common divisor of k and 272?
68
Suppose 8*k = -137 + 177. Suppose -570 = -5*r - 5*j, -k*r + j = -3*j - 597. Calculate the highest common divisor of r and 26.
13
Suppose 0 = -f - 2*w + 258, 5*f - 3*w = -7*w + 1254. Calculate the highest common factor of 5289 and f.
123
Let j be (99/6 - -4)/((-2)/(-36)). Let y = -153 + j. Let g = -118 + y. Calculate the highest common divisor of g and 14.
14
Suppose -88064 = -36*p - 8*p - 7676. What is the greatest common divisor of 435 and p?
87
Suppose 2*p - 4*l = 5*p - 107, -p = 5*l - 54. What is the highest common factor of 3248 and p?
29
Suppose 5*p - 3*z = 2, 4 = 4*p + 10*z - 13*z. Let x(w) = 18*w + 44. Let j be x(p). What is the greatest common factor of j and 7?
1
Suppose r - 3*l - 126 = 2*l, 126 = r - l. Let c(n) = -n**2 + n + 103. Let b be c(10). Suppose -b*t + r = 8*t. What is the greatest common factor of 15 and t?
3
Let u be 3114/342 - (-6)/(-57). Let b(r) be the first derivative of 2*r**2 - 16*r - 6. Let d be b(u). Calculate the greatest common factor of 4 and d.
4
Let p(r) = 9*r**3 - 3*r**2 - 3*r - 3. Suppose -w - 3 = -2*w. Let f be p(w). Let i be (-252)/210*(-170)/6. What is the greatest common factor of i and f?
34
Let o be (-3 + 2)/(((-45)/15)/426). What is the highest common factor of 5112 and o?
142
Let o(m) = -149*m + 1538. Let s be o(10). Calculate the greatest common divisor of s and 15.
3
Let o(a) be the second derivative of -a**2 + 63/20*a**5 + 0 + 0*a**4 + 1/6*a**3 + 36*a. Let n be o(1). Calculate the greatest common factor of 93 and n.
31
Suppose -361*z = -204*z - 95142. What is the greatest common factor of z and 2626?
202
Let c be (90/(-8) + (177 - 166))*-72. What is the greatest common divisor of c and 43110?
18
Let w be (5 + 0)*1*3. Let j(x) = -x**3 - 2*x + 163. Let r be j(0). Let c = r - 58. What is the greatest common divisor of c and w?
15
Let t(z) = -187*z**2 + 196*z. Let u be t(1). Calculate the highest common divisor of u and 4869.
9
Let w be (8 + -4 - -7) + -2. Suppose w*o = 8*o - 7. Let m = o - -47. What is the highest common divisor of 8 and m?
8
Let w(x) = -x**3 + 16*x**2 + 3*x - 13. Suppose 16*m - 100 = 156. Let z be w(m). What is the highest common factor of 140 and z?
35
Suppose 2897*i - 546 = 2876*i. What is the highest common factor of i and 143?
13
Suppose 0 = 2*i - 45 - 19. Let r(w) = -26*w**3 + 9*w**2 - 8*w - 36. Let m be r(-2). Calculate the highest common divisor of m and i.
32
Let t(g) = -4*g + 581. Let w be t(28). Calculate the greatest common factor of 231 and w.
7
Let w = -1699 - -2598. Calculate the highest common factor of 145 and w.
29
Let d = -12684 - -12744. What is the greatest common divisor of d and 33?
3
Let c(s) = -15*s**2 - 166*s - 15. Let f be c(-8). Calculate the highest common factor of 8 and f.
1
Let x(g) = -g**3 - 11*g**2 + 45*g + 7. Let n be x(-14). Let l be (2 - 152/28)/(2/n). Calculate the highest common factor of l and 40.
20
Let g = 1982 + 3013. What is the highest common divisor of 185 and g?
185
Let b(m) = -3598*m - 763. Let l be b(-1). Calculate the greatest common divisor of 10 and l.
5
Suppose -32*a + 2710 + 682 = 0. Calculate the highest common factor of 8321 and a.
53
Let n(y) = -32*y + 916. Let h be n(-40). Calculate the greatest common factor of h and 61.
61
Let c = 155 + -92. Suppose -30 = -69*k + c*k. Let y(p) = -39*p + 1. Let f be y(-1). What is the highest common divisor of f and k?
5
Let m = 655 - 519. Let b = m + -133. What is the greatest common divisor of 39 and b?
3
Suppose 2*z = -4*x + 574, z + 5*x = 144 + 125. What is the highest common factor of 143 and z?
13
Let f = -3407 + 4798. What is the highest common divisor of f and 214?
107
Let g = 528 + 46. What is the highest common factor of g and 98?
14
Suppose 116*w = 174*w - 49764. What is the greatest common divisor of 3575 and w?
143
Suppose 1941 - 5361 = -38*v. Let g(h) = 2*h**3 + 19*h**2 - 10*h + 12. Let u be g(-10). Calculate the greatest common divisor of u and v.
6
Let v = 107 - 66. Let q = -69 + 91. Suppose -q*w + 32*w = 820. What is the highest common divisor of v and w?
41
Suppose q - 133 = i, -48*q - 4*i + 133 = -47*q. What is the greatest common divisor of 152 and q?
19
Let s(q) = 2*q**3 - 32*q**2 + 215*q + 54. Let o be s(24). What is the greatest common divisor of 444 and o?
222
Suppose 4*z = 5*z. Let f = 5 - z. Let h be 10/(-40)*-33 + 10/(-8) - -8. Calculate the greatest common divisor of h and f.
5
Let o = -18501 + 19137. What is the greatest common factor of o and 52?
4
L